mine t(r).
-3
Let z(n) be the second derivative of 1/12*n**4 + 0 - 5*n + 0*n**2 - 2/3*n**3. Calculate z(3).
-3
Let f(c) = -c**3 - 4*c**2 + 4*c + 4. Suppose 2*x = -2*x - 4. Let o(a) = -a - 1. Let b(u) = x*f(u) - 5*o(u). Let g be (0 - 1)*7 - -3. Calculate b(g).
-3
Let z(t) = -164*t + 84*t + 82*t + 1. Give z(4).
9
Let l(h) = -h - 2. Suppose -19*n = -21*n + 28. Let p be (8/6)/(2/(-36)). Let b be p/(-14) - (-4)/n. Calculate l(b).
-4
Suppose 0 = -5*g + 3*g + 10. Let s(h) = h - 10. Give s(g).
-5
Let l(u) = u**2 - 13*u + 14. Let k be l(12). Let t(x) = 2*x. Determine t(k).
4
Let k(b) = 9*b - 20*b + b**3 - 4 + 8*b + 3*b**2. What is k(-3)?
5
Let n(s) be the third derivative of -s**4/6 + s**2. Suppose -10*y + 10 = -5*y. Give n(y).
-8
Let n(b) = 5*b + 1. Suppose -r + q - 14 = -3*q, -4*q = -12. Calculate n(r).
-9
Let t(n) = n**3 - 5*n**2 + 2*n + 1. Let x = -17 - -23. Suppose -7 = 4*z + 1. Let q = x + z. Determine t(q).
-7
Let l(b) = 6 + 2 + 1 + 7*b + b**2. Let s be (-208)/(-40) + 2/(-10). Suppose c + 1 = -s. Give l(c).
3
Let q(b) = b**2 - 3 + 7*b + 17 - 5 - 4. Calculate q(-7).
5
Suppose 4*k = 5*k. Let h(g) = -3*g - 8. Let u be h(-3). Let m(y) = -3*y + k*y + u + 4*y. Give m(-3).
-2
Let j(a) = 2 - 52*a + 53*a + 4. Determine j(-6).
0
Let d(k) = k**3 - 7*k**2 + k - 4. Suppose 8*w - 6*w - 14 = 0. Determine d(w).
3
Let h(o) = o**2 - 4*o - 7. Let b = 3 + -3. Suppose b*g + 2*g = 36. Suppose 5*l + g = 5*d - 7, -4*d + 20 = -2*l. Calculate h(d).
-2
Suppose -4*w + t + 20 = -0*t, 3*w = 2*t + 20. Suppose 5*f - w = -3*u, 0*f + 9 = 4*u + 3*f. Let g(b) = -b**3 + 4*b**2 + 2. What is g(u)?
11
Let b(w) = -1 + 5*w + 9*w + 6*w - 21*w. What is b(-5)?
4
Let n(g) = g**2 - 2*g**2 - 3 - 3*g**2 + 5*g**2. Calculate n(3).
6
Let h(q) be the third derivative of 4*q**2 + 0*q - 2/3*q**3 + 1/6*q**4 + 0. Let b = -3 - -6. What is h(b)?
8
Let v be ((-3)/2)/((-12)/32). Let h = v + 0. Let z(j) be the third derivative of -j**5/60 + j**4/12 + 5*j**3/6 + j**2. What is z(h)?
-3
Let i(u) = -u**2 + 6*u - 1. Suppose 0 = -s - o + 8, 8 = 2*s + 2*s - 4*o. Suppose -3*b + h = -12, 2*h = -5*b + s*h + 16. Give i(b).
4
Let r(j) = -420 + j + 420. Determine r(0).
0
Suppose 3*o - 9 = -0*o. Let k(t) = t**3 - 8*t**2 + t - 2. Let u be k(8). Let d(b) = 2 - 3 + u*b + 1 - 7*b**2 + b**o - 2. Determine d(6).
-2
Let t(o) = -4*o + 7. Let l(k) = 5*k - 8. Let b(g) = -5*l(g) - 6*t(g). Suppose -3*v = 2*a - 26, -v = -5*v + 3*a + 12. Calculate b(v).
-8
Let r(k) = -3 - 3*k**2 - 6*k - 4*k + 5*k + k**3. Let z = -2 + 6. Determine r(z).
-7
Let l(g) = g**2 - 3*g - 3. Let f be (-2)/(-7) + (-26)/(-7). Calculate l(f).
1
Let u(y) be the first derivative of -y**2/2 - 7*y - 2. Let m(a) = a**3 + 29*a**2 - 32*a - 65. Let x be m(-30). What is u(x)?
-2
Let g(y) = -7*y**2 + 12*y**3 - 7 - 23*y**3 - 7*y + 10*y**3. Calculate g(-6).
-1
Let u(i) = -7*i - 17. Let a(j) = 6*j + 16. Let p(q) = -5*q**3 + 1. Let f be p(-1). Let m(x) = f*a(x) + 5*u(x). Calculate m(-5).
6
Let g(r) = -2*r**2 - 4*r + 2. Let u(p) = p**2 + 2*p - 1. Let t(m) = 3*g(m) + 7*u(m). Suppose 20 + 4 = -8*i. Give t(i).
2
Suppose -6*h + 12 = -2*h. Suppose m + 5 = 6. Let j(f) = -m - 1 + 2 + f. What is j(h)?
3
Let d(j) = j**3 - 4*j**2 + 3*j + 3. Suppose -5*q = -5*u + 20, -q - q = 2*u - 12. Let x = -2 + u. Determine d(x).
3
Let k(p) = -6*p**3 + 13*p**3 - 3*p**3 - 6*p - 6*p**2 - 5*p**3 - 1. What is k(-5)?
4
Suppose -14 = -3*p - a, 2*p - 5*a = -3*p - 10. Let l(u) = u**3 - 3*u**2 + 2*u + 2. Let w be l(2). Let s(v) = 0 + 3 - v**w + 6*v - 2*v. Give s(p).
6
Let t(a) = 3*a + 2. Let u be (-3 - 2)*(6 - 72/15). Calculate t(u).
-16
Let f(t) = 2*t + 5. Let n(d) = 2*d + 5. Let k(s) = 7*f(s) - 6*n(s). Let b = -21 + 36. Suppose -r + 4*r = -b. Determine k(r).
-5
Let g(d) = 3*d + 1. Let n = -11 - 1. Let o = n + 14. What is g(o)?
7
Let c(f) = f + 1. Let q(i) = 6*i + 14. Let j(u) = -5*c(u) + q(u). Determine j(-7).
2
Let d(y) be the first derivative of -1/6*y**3 - 1/2*y**2 + 1/4*y**4 + 3 + 0*y. Let q(w) be the second derivative of d(w). What is q(-1)?
-7
Let w(n) = 5*n + 2. Let k(l) = -6*l - 3. Let v(q) = -3*k(q) - 4*w(q). Suppose 3*u = -2*y - 11, 0 = 2*u - 4*y - 5 - 9. Calculate v(u).
3
Let n(z) be the first derivative of -z**2/2 + 7*z + 5. What is n(9)?
-2
Let y be 2/(0 + (-4)/10). Let z(i) = 7*i - 16*i + 1 + 6 - i**2 + 3*i. Determine z(y).
12
Let c(g) = g - 4. Let z = 2 - 1. Suppose 3*u - z - 2 = 0. Suppose -k + 3*a + 0 = u, -3*a + 13 = -4*k. Calculate c(k).
-8
Let x(t) be the first derivative of -t**4/4 + t**2/2 + t - 5. Determine x(-1).
1
Let g = -9 + 14. Let d(r) = -r + 4. Calculate d(g).
-1
Suppose -2 = -7*d + 8*d. Let a(j) = 4*j + 2. Calculate a(d).
-6
Let i be (-99)/24 - 4/(-32). Let f(x) = -x**2 - 6*x - 1. What is f(i)?
7
Let b(u) = u**2 + 5*u - 4. Let f be b(-5). Let g(h) = -h**3 - 5*h**2 - 6*h - 5. What is g(f)?
3
Let d be -5 + (-2 - -2) + 0. Let k(z) = z**3 + 7*z**2 + 8*z + 3. Determine k(d).
13
Let d(m) = m**3 - 2*m**2 + 1. Let v = -2 - 2. Let n = -1 - v. Give d(n).
10
Let j = -1 - -3. Let x(y) = -7*y**j + 2*y - 2 - 1 + 2. Let q(l) = -l - 5. Let z be q(-6). What is x(z)?
-6
Let g be 5*(-2 - -3) - 0. Let l(a) = -a**3 + 3*a**2 + a - 2. Let c be l(2). Let w(m) = -c - 1 - m + 7. Give w(g).
-3
Suppose -3*d - 11 + 5 = 0. Suppose -4*a - f + 1 = -3, 0 = -4*a - 2*f + 8. Let r(g) = 2*g + 1 + a*g + 2*g + g**2. What is r(d)?
-3
Let d(w) = 14*w - 24. Let r(z) = -3*z + 5. Let a(q) = -2*d(q) - 11*r(q). Calculate a(5).
18
Let j(b) be the first derivative of -b**2 + 6*b - 1. Let y(l) = l**2 + 8*l + 16. Let d be y(-6). Calculate j(d).
-2
Let x(k) be the first derivative of 3*k**2/2 - k - 2. Let z = 5 + -1. Suppose 0 = 4*b + b + 2*u + 5, u + 9 = z*b. Calculate x(b).
2
Let k = 6 - 7. Let d(w) = 8*w**3 + w. What is d(k)?
-9
Suppose z = -2*f - 0*z - 13, -5*f = -5*z + 55. Let n(k) = -k**2 - 7*k + 5. What is n(f)?
-3
Suppose -3*m = -0*m - 9. Let v(x) = x - 4. Let s be v(8). Let g(n) = -5*n + 5*n + s + n**2 - 3*n. Determine g(m).
4
Let b(q) be the first derivative of 1/3*q**3 + 4*q - 5/2*q**2 + 1. What is b(4)?
0
Let c(v) = 13*v**2 + 1 - 18*v**2 - 4*v - v**3 + 4 + 12*v. Give c(-6).
-7
Let a(j) = -9*j + 10. Let l(s) = 8*s - 11. Let b(d) = -5*a(d) - 4*l(d). Suppose -x + 0 - 7 = 0. Let p(i) = 14*i - 7. Let w(u) = x*b(u) + 6*p(u). Calculate w(1).
-7
Let i(t) be the second derivative of t**5/20 - 5*t**4/12 + t**3/2 + t**2 - 21*t. What is i(4)?
-2
Let n(s) = -s**3 + 8*s**2 - 5*s + 1. Let x be n(7). Suppose -o + x = 2*o. Let m(k) = k**3 - 6*k**2 + 4*k + 4. What is m(o)?
-1
Let h(c) = c - 7 + 4 - c**2 + 2 + 2*c. Give h(2).
1
Let g = -2 + 0. Let l(p) = p**3 + 3*p**2 + 4*p + 3. Let d be l(g). Let t = 0 - d. Let a(n) = 4*n + 1. Determine a(t).
5
Let c(i) be the first derivative of i**4/4 - 5*i**3/3 + 3*i**2/2 + 2*i + 2. Calculate c(4).
-2
Let u(y) be the third derivative of y**6/120 + y**5/60 + y**4/6 + 2*y**3/3 - 21*y**2. Determine u(-3).
-26
Let w(q) = q - 1. Let r be w(4). Let x(v) = -v**3 - 3*v**2 - 3*v. Let d be x(-2). Let a(j) = -6 + 0*j + d + j. Calculate a(r).
-1
Let m(u) be the first derivative of -1/3*u**3 + u**2 - 3*u - 3. Give m(3).
-6
Let j(i) = -i**2 - i + 1. Suppose 5*b = -2*m - 1 - 1, -4*b + 5 = -5*m. Suppose 6*k - k = b. Determine j(k).
1
Suppose -y = -5*a + 14, a - 3 = 3*y + 11. Let i = a + 0. Let b(f) = 1 - f**2 - 3*f**i - 2. Determine b(-1).
-5
Let t be (-140)/(-15) - 1/3. Let m = t - 4. Let l(j) = -m + 4 + 2*j**2 - j**3 - 7*j**3 + 2*j**3. What is l(-1)?
7
Suppose 0 = -5*o + m - 2*m + 8, 0 = -5*o - 3*m + 4. Suppose 0 = 3*f + w - 2, -f - 4 = -2*f - o*w. Let v(n) = -10*n**2 + 8*n**2 - 6 + 3*n**2. Determine v(f).
-6
Suppose -4*s = -w - 0*w - 10, 5*w + 12 = s. Let o(d) = 4 + 0*d**s - 10 - 2*d**2 + 3*d**2 + 4*d. Give o(-5).
-1
Let i be (-1*(2 + -5))/1. Let y(g) = 11*g + 6. Let o = -14 + -3. Let m(u) = 4*u + 2. Let z(q) = o*m(q) + 6*y(q). Determine z(i).
-4
Let j(x) = 2*x**2 - 5*x - 6 + 2 - 2*x**2 + x**2. Calculate j(6).
2
Let t(k) be the first derivative of -k**4/8 + k**3/6 + 5*k**2/2 + 4. Let r(p) be the second derivative of t(p). Calculate r(1).
-2
Let n(a) = -a**3 - 4*a**2 - a + 3. Suppose -2*r = 3*h + 21, 2*r - 11 - 8 = 5*h. Calculate n(r).
-3
Let v(x) be the second derivative of -2*x + 0 + 0*x**3 - x**2 + 1/120*x**6 + 1/12*x**4 - 1/12*x**5. Let b(s) be the first derivative of v(s). Give b(4).
-8
Let m(y) = 5*y